+ 44. Let g = -5 - m. Suppose g*l - 34 = -5*b + 26, -3*l - b = -44. What is the tens digit of l?
1
Suppose -5*w - 66 = -8*w. What is the tens digit of w?
2
Let s be (12/(-15))/((-6)/45). Let d(z) = -3*z + 2*z + 7*z**2 - 6 - s*z**2. What is the units digit of d(5)?
4
Let z(g) = g**2 + 4*g + 1. What is the tens digit of z(3)?
2
Let o = 2 - -2. Suppose 3*s = o*s. Suppose s = -y + 4*f - 14, -3*f + 8 + 4 = 0. What is the units digit of y?
2
Let b = -1 - -3. Let x be (3*-1)/(3/b). What is the units digit of (x/8)/(1/(-4))?
1
Suppose -3*j + 160 = 2*j. What is the units digit of j?
2
Let f(p) = 2*p - 2 + 2*p - 5*p - 6. What is the units digit of f(-9)?
1
Let s(w) = w**3 - 2*w**2 - 4*w - 4. What is the units digit of s(4)?
2
Suppose 23 = -p - 6. Suppose -40 = -3*v - 2*v. What is the units digit of (-4)/v*(p + 1)?
4
Suppose -3 = -2*d + d. Suppose -g + 6 = -d*g. Let f = g - -9. What is the units digit of f?
6
What is the units digit of (6/(-10))/((-2)/10)?
3
Let z = -36 - -81. Suppose -5*u - 3*b = -2*b - z, 2*b = u + 2. What is the units digit of u?
8
Let c = -2 - -7. Suppose -2*z = k - 25, k - 20 = c*z + 12. What is the tens digit of k?
2
Suppose 727 = -4*r + 2255. What is the tens digit of r?
8
Let g(p) = -p**2 - 11*p - 16. What is the units digit of g(-9)?
2
Let o = 16 - 3. Let y = o - 9. Suppose k = -t + 1, 2*t + 2*t - y*k - 28 = 0. What is the units digit of t?
4
Let x(y) = y + 11. Let s be x(-9). Suppose -3*d + s*d = -1. What is the units digit of d?
1
Suppose 0 = -4*f + f + 339. Suppose 0 = 4*p - 71 - f. What is the units digit of p?
6
What is the tens digit of 1/3 - (-41)/3?
1
Suppose 5*s - 10 = 0, 0*s + 58 = 2*j - 3*s. What is the units digit of j?
2
Let s = 216 - 137. What is the units digit of s?
9
Let w(n) = -13*n + 2. Let c = 0 + 5. Let p be w(c). What is the units digit of (2/(-6))/(3/p)?
7
Let u(i) = -i - 7. Let p be u(-9). Suppose -51 = -p*h + 9. What is the tens digit of h?
3
Let m(j) = 41*j - 4. What is the hundreds digit of m(5)?
2
Let q = 15 + 60. What is the units digit of q?
5
Suppose y = 15 - 4. What is the units digit of y?
1
Let s = -3 - -7. Let z = 10 + -3. Suppose -s*a - 3 = -z. What is the units digit of a?
1
Suppose -3*x + 61 = -20. What is the tens digit of x?
2
Let h be (-30)/9 - (-3)/9. What is the units digit of h/(-5)*1*5?
3
Let c = 8 - 5. What is the tens digit of -2 - ((-81)/c - -2)?
2
Suppose -16*j = -8*j - 264. What is the tens digit of j?
3
Suppose 0 = -m - l + 192 + 66, -4*m + 2*l = -1026. What is the units digit of m?
7
What is the tens digit of (11/((-44)/(-24)))/((-3)/(-164))?
2
Let b(y) = -y - 8. Let v be b(-11). Suppose -v*u + 9 = -2*t - 11, -u = -5*t - 24. What is the units digit of u?
4
Let k(s) = 2*s**2 - 3*s**2 - 2*s + 0 + 2*s**2 + 1. What is the units digit of k(2)?
1
Suppose -80 = -5*f - 0*f. Let c = -11 + f. What is the units digit of c?
5
Let j = -92 + 150. What is the units digit of j?
8
Suppose -3*r + 0*r + 12 = 0. Suppose r*t - 130 = -t. What is the units digit of t?
6
Let b(z) = -141*z**3 - 3*z**2 - 3*z + 1. What is the units digit of b(-1)?
2
Let c(h) be the second derivative of -6*h**5/5 + h**4/12 + h**3/3 + h**2/2 - 3*h. What is the tens digit of c(-1)?
2
Suppose -1 = -2*c - 3. Let q = 9 + c. What is the units digit of q?
8
Suppose -g - 3*g + 8 = 0. Let x(j) = -j**2 + 3*j - 2. Let c be x(g). Suppose c*b = 5*b - 15. What is the units digit of b?
3
Let x = -6 + 6. Suppose -14 = -x*v - v. What is the units digit of v?
4
Let t(x) be the first derivative of -x**5/60 + x**4/8 - x**3/6 + 3*x**2/2 + 2. Let y(o) be the second derivative of t(o). What is the units digit of y(2)?
1
Let s be 1 - ((-48)/4)/(-2). Suppose -4*r + 6 = -22. Let t = r + s. What is the units digit of t?
2
Let g(d) = -d**3 - 2*d**2 + 3*d - 1. Let h be g(-3). Suppose -v + 4 = -0*v. Let c = v - h. What is the units digit of c?
5
Suppose -3*d = -7*d. Let f = 1 - d. What is the units digit of f?
1
Suppose 12 - 2 = -2*j. Let g(t) = -3 - 1 + 2 - 2*t. What is the units digit of g(j)?
8
Let s be 21/6*(0 - -2). Let o = -5 + s. Suppose v + 3 = -o*u, -3*v + 17 - 5 = -u. What is the units digit of v?
3
Suppose 5*x = -2*s + 21, 0 = 5*s + 3*x - 26 - 17. Let d be -4*(0 + (-6)/s). Suppose -d*n + 15 = 2*n. What is the units digit of n?
3
Suppose 12 = -3*q + 7*q. Suppose -q*u = -6*b + 3*b + 15, -2 = -u. Suppose 2*g + b - 31 = 0. What is the tens digit of g?
1
Let y = -97 - -271. What is the units digit of y?
4
Suppose -4*k - 108 = -8*k. Let i = 3 + k. What is the units digit of i?
0
Let w be (14/(-8))/((-1)/4). Suppose -2*s - 10 = -w*s. What is the units digit of s?
2
Let n = 11 + -7. Suppose -2*d + 4 = -0*d, -2*y + 32 = n*d. What is the units digit of y?
2
Suppose 17 - 97 = -5*q. What is the units digit of q?
6
Suppose 3*m - 6*m + 78 = -3*u, 4*m - 101 = u. What is the units digit of m?
5
Let v = 447 - 303. What is the hundreds digit of v?
1
Suppose -5*g = 3*m - 97, 2*g + 3*g = m + 81. Suppose f + 5 = g. What is the tens digit of f?
1
Let o(b) = -b**3 - 8*b**2 - 6*b + 9. Let n be o(-8). Suppose -n = -4*q + 39. What is the units digit of q?
4
Suppose -161 = -4*c + 179. What is the tens digit of c?
8
Let s = -19 + 25. Suppose s*h - 2*h = 192. What is the tens digit of h?
4
Let q(x) = -x**3 - 32*x**2 - 38*x + 6. What is the hundreds digit of q(-31)?
2
Let g be (-20)/(-6)*(-48)/(-40). Suppose -2*v + 108 = g*o + 3*v, 2*v = -3*o + 88. What is the tens digit of o?
3
Suppose -3 = -2*p + 27. Suppose 0 = -2*u + 3*w - 11, -2*u + 7*u + 5*w = -p. Let r(l) = -l + 2. What is the units digit of r(u)?
6
Let x(i) = i**3 - 4*i**2 + 5*i - 4. Let v be x(3). Suppose -v*u = -u - 9. What is the units digit of u?
9
Let o = 2 - -14. Let u = o - 3. What is the tens digit of 1*u*(-1 - -2)?
1
Suppose -5 - 25 = -5*v. Let l(w) = w - 13. Let h(y) = 2*y - 25. Let f(g) = -6*h(g) + 11*l(g). What is the units digit of f(v)?
1
Suppose 102*q = 98*q + 64. What is the units digit of q?
6
Let w be 8/3 - (-6)/(-9). Suppose -2*g - 2*l = w*g - 56, -4*g + 3*l + 56 = 0. What is the units digit of g?
4
Let n(g) = 2*g**2 + 1. Let h be (-15)/(-10)*(-2)/(-3). What is the units digit of n(h)?
3
Let d(z) = z + 4*z + 3 - z**2 - 1. Let f be d(6). What is the tens digit of (-2 - f) + 10 - 2?
1
Suppose 4*t - 4 = a, -4*a + 7*t = 4*t - 36. What is the units digit of a?
2
Let t(k) = k + 6. Let r be t(-6). Suppose -4*c + 3 + 5 = r. What is the units digit of c?
2
Let x(l) = 2*l - 13. Let f be x(10). Let q = f + -15. What is the units digit of 2/4 + (-4)/q?
1
Suppose -3*g = 5*s - 5, 3*g + 2*g + s = 1. Suppose g*n = 5*n - 65. What is the units digit of n?
3
Suppose -13 = 2*q + 3*a, -2*a + 7*a - 53 = 2*q. Suppose b - 3*b + 8 = 0. What is the units digit of (-99)/(-21) - b/q?
5
What is the units digit of (-134)/(-8) + 3/12?
7
What is the tens digit of 17/1 - (-9 - -8)?
1
Let i(d) = 3*d + 2. Let q(c) = -4*c - 2. Let s(k) = 5*i(k) + 4*q(k). Let u be s(-3). Let x = 7 - u. What is the units digit of x?
2
Let d(n) = -n**3 + 12*n**2 - 5*n - 3. What is the units digit of d(5)?
7
What is the units digit of (-8309)/(-49) + 9/21?
0
Let q be ((-76)/(-10))/(4/20). Suppose -3*x + 4*x + 5*f = 26, -q = -3*x - 5*f. What is the units digit of x?
6
Let m(b) = b**2 + 20*b + 6. What is the units digit of m(-20)?
6
Suppose 0 = 4*a - 0*a + 4*f - 96, -3*a = 4*f - 72. What is the units digit of a?
4
Let g(k) = k**2 - 6*k - 5. Let l be g(6). Let o = l - -8. What is the units digit of o?
3
Suppose 10 = 2*b - 4*b, 3*y - 3*b - 309 = 0. What is the tens digit of y?
9
What is the tens digit of 4/(-14) - (-2160)/63?
3
Let q be (0 - 0)/(2*1). Suppose -b + 15 - 2 = q. What is the units digit of b?
3
Let b(y) = 5*y**3 - 3*y**2 + 3*y - 2. What is the tens digit of b(2)?
3
Let i = 3 - -6. What is the units digit of i?
9
Let n = -197 - -293. What is the tens digit of n?
9
Let r(g) = g**2 - g + 1. Let q(c) = 5*c - 3*c**2 - 5*c**3 - 3 - 3 + 2. Let l(k) = q(k) + 4*r(k). What is the units digit of l(-1)?
5
Let t = -120 + 163. What is the tens digit of t?
4
Let v = -6 + 4. Let h(i) = -i**3 - 5*i**2 - 3*i - 3. Let j be h(v). What is the units digit of (-12)/j*15/2?
0
Let u be 6*((-5)/(-2) + -2). Suppose 2*r = -3*h + 3 + 7, -u*h = 5*r - 16. What is the units digit of h?
2
Let v be 15/6*-2*2. What is the units digit of (-111)/(-15) + v/25?
7
Suppose 5*